alculate the highest common divisor of a and 21.
7
Suppose -5*w + 41 = 3*o, 0 = 5*w - 5. Calculate the highest common divisor of o and 12.
12
Let s = 1 - -14. Calculate the greatest common divisor of 3 and s.
3
Let q be (351/(-4))/(4/(-16)). What is the highest common divisor of 13 and q?
13
Let u(z) = z - 1. Let f(v) = -80*v + 4. Let o(w) = f(w) + 3*u(w). Let i be o(-1). What is the highest common factor of i and 26?
26
Let i(v) = 45*v**2 - 1. Let f be i(-1). Suppose -f = 3*h - 5*h. Suppose 33 = 3*c - 0*c. What is the greatest common factor of c and h?
11
Suppose 0 = -5*g - 2*z - 33, 2*g - 5 + 3 = 3*z. Let h = g - -7. Suppose -h*u - 2*u = -748. Calculate the highest common factor of 17 and u.
17
Suppose -d - 4*g + 160 - 12 = 0, 3*d = -2*g + 424. Calculate the highest common factor of 56 and d.
28
Let z be 0/(-1 + 2 - -1). Suppose 2*o = -z*o - h + 44, h = 0. Calculate the highest common divisor of o and 11.
11
Suppose -o + 0*i - 2*i = -48, 0 = o - 4*i - 66. Calculate the highest common factor of 6 and o.
6
Suppose 4*j = -j + 440. Let m be (-1 - -5*1)*2. What is the greatest common divisor of j and m?
8
Let s = 310 - 190. Calculate the greatest common factor of s and 15.
15
Suppose -3*n - 3*v + 19 = -11, -10 = -2*v. Suppose -q + 18 = 2*d - 5*d, -q + 16 = -d. Calculate the highest common factor of n and q.
5
Let x(i) = i**3 - 9*i**2 - i + 7. Let c be x(9). Let y = 50 - c. Suppose -v - y = -5*v. Calculate the highest common factor of 91 and v.
13
Let s(o) = -11*o - 13*o + 1 - 3*o - 22*o. Let w be s(-2). What is the highest common divisor of w and 9?
9
Suppose 39 = 4*t + 3*k, 2*t + 3*k - 22 = 5. Calculate the greatest common divisor of 3 and t.
3
Let j(s) = s**2 + 7*s - 6. Let g be j(-13). Let h = g + 20. Calculate the highest common divisor of h and 23.
23
Suppose b + 5*d = -4, -d - 70 = -5*b + 4*d. What is the highest common divisor of b and 55?
11
Let t(i) = i**3 + 2*i - 4*i**2 - 3*i + i**2 + 10*i**2. Let y be t(-7). What is the highest common factor of 7 and y?
7
Suppose 0 + 18 = 2*y. Let j(f) = -f**3 - 8*f**2 + 8*f. Let s be j(-9). Let o be (3/s)/(3/243). What is the greatest common divisor of o and y?
9
Suppose j = 4*j + 5*a - 188, -300 = -5*j - 5*a. Calculate the highest common divisor of 7 and j.
7
Let w be (1/2)/(4/(-40)). Let b(v) = -v - 2. Let x be b(w). Suppose -x*q + 0 = -6. What is the highest common divisor of q and 6?
2
Let j = 13 - 1. What is the greatest common divisor of 24 and j?
12
Suppose 3 = -w + 2*w. Suppose -45 = -2*r - 5*k, -5*r + 24 + 41 = w*k. Calculate the greatest common divisor of 25 and r.
5
Let j(b) = 4*b + 30. Let g be j(-7). Suppose 0 = -z - 3*v + 13, 4*v = z + 6 + 2. Calculate the greatest common divisor of z and g.
2
Let u(g) = g**2 - 3*g - 2. Let t be u(4). Let y(o) = o**3 - 5*o**2 + 4*o - 3. Let h be y(3). Let i be 2/2 - h/1. What is the highest common divisor of t and i?
2
Let l = 48 - 9. Let a = 69 - l. Calculate the highest common factor of a and 30.
30
Suppose 4*s + 195 = 17*s. Calculate the highest common factor of s and 5.
5
Suppose 0 = 4*w + 48 - 184. Let h = 54 - w. Calculate the highest common factor of 2 and h.
2
Suppose 4*u + 1 = 13. Let h be (-12)/u*5/(-4). Calculate the greatest common divisor of h and 20.
5
Let b = -24 - -34. Suppose -5 = -5*z, 0*a - a + 4*z + 26 = 0. What is the greatest common factor of b and a?
10
Let m be (8/6)/((-2)/(-66)). What is the highest common divisor of 11 and m?
11
Let x(j) be the first derivative of -5*j**3/3 + j + 2. Let g be x(-1). Let o(q) = -3*q + 5. Let l be o(g). Calculate the greatest common divisor of 187 and l.
17
Let x(a) = a**2 - 4*a - 4. Let z be x(6). Calculate the greatest common divisor of 1 and z.
1
Let s be 1*(-6 + 3)*(-8)/3. Let q = 6 - 2. What is the highest common factor of q and s?
4
Suppose 7 = 3*u - 5. Suppose -z = 2*z - 2*y - 7, -z + u*y = -19. Let s be 0 - (-12 - (-1 - z)). Calculate the greatest common divisor of s and 96.
12
Let c = -68 + 86. Let w(m) = -m**3 + m - 4. Let i be w(0). Let z(j) = -j**3 - 2*j**2 - 3*j + 1. Let u be z(i). Calculate the greatest common divisor of u and c.
9
Let c be (1 - 1) + 4 + 60. What is the highest common factor of c and 16?
16
Let y(u) = -u**3 + 6*u**2 - 6. Let m be y(6). Let k be -3 + (4/(-2) - m). Let h be (-309)/(-3) + 2/k. What is the greatest common divisor of h and 21?
21
Let k be 10 - (2 + 6/(-2)). Calculate the greatest common factor of 33 and k.
11
Let v = -42 + 48. Let a(m) = -m**3 + 5*m**2 + 6*m + 6. Let r be a(6). What is the greatest common divisor of r and v?
6
Let y be 3 + -1 - (4 - 62). Calculate the highest common divisor of 6 and y.
6
Let w(r) = -r**2 + 7*r - 7. Let c be w(6). Let n(h) = -2*h - 1. Let s be n(c). Let i = 22 - s. What is the greatest common factor of 3 and i?
3
Let p = 68 - 61. Calculate the greatest common factor of p and 2.
1
Suppose 5*m + 2*j - 15 = j, -3*m + 4*j = 14. Suppose 10 - 24 = -m*a. What is the highest common divisor of a and 70?
7
Let m be 5/(25/(-10) - -3). Let b = 111 - 21. Calculate the greatest common factor of m and b.
10
Suppose -4*c + 145 = -191. Calculate the highest common divisor of c and 21.
21
Suppose 21 = 9*b - 42. What is the highest common factor of b and 28?
7
Let t = 25 - 18. Calculate the greatest common factor of t and 7.
7
Let s = -61 + 43. Let c = s - -54. Calculate the greatest common factor of c and 18.
18
Suppose 2*m = -3*o + 40, -o - 4*m = -m - 25. Let x be 15/6 + 2/(-4). Suppose -3*t + x*g - 14 = -8*t, 3*t = -4*g. What is the greatest common divisor of o and t?
2
Let i(f) = -f**3 - 9*f**2 - 9*f + 9. Let v be i(-8). What is the greatest common factor of v and 34?
17
Let w(s) = -s**2 + 9*s - 5. Let p(u) = 9*u**3 - 2*u**2 + u. Let g be p(1). Let m be w(g). What is the greatest common factor of 12 and m?
3
Let k(d) = 18*d + 3. Let q be k(3). What is the highest common divisor of 19 and q?
19
Suppose 4*g - g = -4*b + 155, -94 = -2*g + 2*b. What is the highest common divisor of 7 and g?
7
Let q be 17 + (0 - -1) + 0. Let w be 5/60*4*0. Suppose 0*g + g - 126 = w. Calculate the greatest common divisor of q and g.
18
Suppose -5*g + 24 = 2*u - 1343, 4*g = u + 1104. What is the greatest common factor of 25 and g?
25
Suppose -5*b - 74 - 51 = -2*v, -5*b + 175 = 3*v. Calculate the greatest common divisor of v and 5.
5
Let m = 38 - 10. What is the highest common factor of 42 and m?
14
Let d(l) = -l**2 + 7*l + 8. Let q be d(7). Let i = 8 + -8. Let w be 20/(-5)*(-8 - i). What is the greatest common factor of w and q?
8
Let v = 112 + -108. Let r = 11 + -7. Calculate the greatest common divisor of v and r.
4
Let b(s) = -s**2 + 1. Let x be (-2)/(-8) + 1/(-4). Suppose x = -3*n + n. Let w be b(n). What is the greatest common divisor of w and 11?
1
Let g(x) = 5*x**2 + 0 + 2 + 0. Let u be g(-3). Suppose u = 5*y - 13. Calculate the greatest common divisor of y and 8.
4
Let x be (-4)/(-5)*(-70)/(-14). Calculate the greatest common divisor of 12 and x.
4
Let p = -7 - -9. Suppose -51 = -p*k - 0*k - 3*n, 0 = -k + 3*n + 3. Calculate the greatest common divisor of k and 198.
18
Let q = -5 - -7. Suppose -k + 39 = q*m - 55, -3*k + m = -254. Let n = -50 + k. What is the highest common divisor of n and 24?
12
Let i(m) be the first derivative of -m**3/3 + 13*m**2/2 - 11*m - 1. Let x = -84 + 92. Let a be i(x). Calculate the highest common divisor of a and 29.
29
Suppose -3*x - 20 = 2*x, -12 = l + 4*x. Suppose b - 12 = l*y - 2*y, -b = 2*y + 8. Suppose -5*o + 68 + b = 0. Calculate the greatest common divisor of o and 112.
14
Let h be 8*(35/2 + -1). Let u(z) = z - 3. Let p be u(8). Suppose -12 = 3*q, 0*n + p*q = 3*n - 56. What is the greatest common divisor of h and n?
12
Let h be (-39)/26 - (-377)/2. Calculate the highest common divisor of h and 17.
17
Suppose q = 3*q. Suppose k = -q*k + 110. Suppose 0 = -d - 0*a - 2*a + 20, 2*d + 3*a - 35 = 0. Calculate the highest common divisor of k and d.
10
Suppose d = -3 + 6, -d - 24 = -3*n. Calculate the greatest common divisor of 45 and n.
9
Let l = -58 - -82. Let o = -13 - -21. Calculate the highest common factor of o and l.
8
Suppose z = 4*s - 11, -2*z = -3*s + 5 + 2. Let c be (33/(-6) + s)*-2. Calculate the highest common divisor of c and 1.
1
Let i be 2/(-4) + (-21)/(-2). Let v be (-236)/i + (-4)/10. Let z be (1*-1)/(2/v)